
What is the remainder when 462804 is divided by 462526?
278
Calculate the remainder when 104604274 is divided by 161.
159
Calculate the remainder when 19808910 is divided by 6602954.
48
What is the remainder when 1950108 is divided by 15606?
14964
What is the remainder when 123314734 is divided by 272?
270
What is the remainder when 766095 is divided by 3752?
687
Calculate the remainder when 3262071 is divided by 639.
615
What is the remainder when 4072610 is divided by 9909?
11
Calculate the remainder when 1548548 is divided by 3274.
3220
What is the remainder when 2799523 is divided by 80?
3
Calculate the remainder when 15583 is divided by 5090.
313
Calculate the remainder when 177847 is divided by 144.
7
Calculate the remainder when 1372148 is divided by 363.
8
What is the remainder when 4302503 is divided by 1434157?
32
Calculate the remainder when 6446 is divided by 3947.
2499
Calculate the remainder when 243721699 is divided by 3743.
3740
Calculate the remainder when 4768062 is divided by 1673.
12
Calculate the remainder when 1568175 is divided by 33361.
208
Calculate the remainder when 1739822 is divided by 18121.
206
Calculate the remainder when 1014744 is divided by 2322.
30
Calculate the remainder when 40945 is divided by 8038.
755
Calculate the remainder when 901021 is divided by 53001.
4
What is the remainder when 1341869 is divided by 122?
113
What is the remainder when 266157 is divided by 3914?
5
What is the remainder when 2185277 is divided by 490?
367
What is the remainder when 2300447 is divided by 728?
695
Calculate the remainder when 15595 is divided by 15569.
26
What is the remainder when 1990340 is divided by 78?
14
Calculate the remainder when 25600485 is divided by 1967.
1947
Calculate the remainder when 50630 is divided by 663.
242
What is the remainder when 11358211 is divided by 876?
871
What is the remainder when 66055 is divided by 8114?
1143
Calculate the remainder when 1070918 is divided by 94.
70
What is the remainder when 107626 is divided by 1652?
246
What is the remainder when 5955799 is divided by 12671?
429
What is the remainder when 918500 is divided by 918478?
22
Calculate the remainder when 409374 is divided by 1208.
1070
What is the remainder when 62391 is divided by 9993?
2433
What is the remainder when 16852573 is divided by 14770?
3
Calculate the remainder when 196965213 is divided by 27.
24
Calculate the remainder when 343810 is divided by 42971.
42
What is the remainder when 25323 is divided by 25316?
7
What is the remainder when 274946 is divided by 568?
34
Calculate the remainder when 8570745 is divided by 207.
117
What is the remainder when 48674 is divided by 1432?
1418
What is the remainder when 46817 is divided by 2633?
2056
Calculate the remainder when 730286 is divided by 2735.
41
What is the remainder when 34822 is divided by 94?
42
What is the remainder when 17978249 is divided by 33?
14
What is the remainder when 845120 is divided by 2827?
2674
What is the remainder when 37731 is divided by 5375?
106
Calculate the remainder when 11103938 is divided by 86077.
5
Calculate the remainder when 692434 is divided by 38266.
3646
What is the remainder when 1388796 is divided by 91?
45
Calculate the remainder when 1246844 is divided by 2340.
1964
What is the remainder when 9253596 is divided by 644?
604
Calculate the remainder when 101790 is divided by 20335.
115
What is the remainder when 557738 is divided by 139389?
182
Calculate the remainder when 28111866 is divided by 77657.
32
Calculate the remainder when 270009 is divided by 269936.
73
Calculate the remainder when 4226292 is divided by 330.
312
Calculate the remainder when 1207920 is divided by 201314.
36
Calculate the remainder when 61455897 is divided by 97.
92
What is the remainder when 1783329 is divided by 413?
408
What is the remainder when 20929258 is divided by 5825?
33
What is the remainder when 4113595 is divided by 274219?
310
What is the remainder when 470906 is divided by 1040?
826
Calculate the remainder when 4663162 is divided by 1622.
1534
What is the remainder when 4097870 is divided by 53219?
7
Calculate the remainder when 4777078 is divided by 231.
229
Calculate the remainder when 74377 is divided by 3387.
3250
What is the remainder when 112787 is divided by 2168?
51
What is the remainder when 10637970 is divided by 10637960?
10
What is the remainder when 10248829 is divided by 16?
13
Calculate the remainder when 789757 is divided by 775.
32
What is the remainder when 241431 is divided by 2831?
796
What is the remainder when 1912899 is divided by 1960?
1899
What is the remainder when 8994538 is divided by 10303?
19
What is the remainder when 112944287 is divided by 4646?
27
What is the remainder when 709731 is divided by 2619?
2601
Calculate the remainder when 309338 is divided by 44159.
225
Calculate the remainder when 1139000 is divided by 348.
344
What is the remainder when 174160 is divided by 20?
0
Calculate the remainder when 1711590 is divided by 1981.
6
Calculate the remainder when 182329 is divided by 207.
169
What is the remainder when 277 is divided by 74?
55
Calculate the remainder when 2712717 is divided by 6.
3
Calculate the remainder when 34738432 is divided by 6117.
6106
What is the remainder when 74648611 is divided by 22?
15
What is the remainder when 115255 is divided by 2800?
455
Calculate the remainder when 3476998 is divided by 2480.
38
Calculate the remainder when 402194 is divided by 2483.
2431
What is the remainder when 473639 is divided by 470254?
3385
Calculate the remainder when 16327931 is divided by 1521.
1517
Calculate the remainder when 2577481 is divided by 2411.
122
What is the remainder when 53263927 is divided by 10?
7
What is the remainder when 1992722 is divided by 276?
2
What is the remainder when 115506 is divided by 23065?
181
Calculate the remainder when 1725153 is divided by 663.
27
What is the remainder when 4838985 is divided by 12536?
89
What is the remainder when 2233193 is divided by 59?
43
Calculate the remainder when 303731 is divided by 66.
65
Calculate the remainder when 4734335 is divided by 276.
107
What is the remainder when 645865 is divided by 161414?
209
Calculate the remainder when 79039 is divided by 13170.
19
What is the remainder when 316979718 is divided by 1195?
1188
What is the remainder when 12878 is divided by 4231?
185
What is the remainder when 8346068 is divided by 2708?
12
What is the remainder when 40763 is divided by 218?
215
Calculate the remainder when 11657539 is divided by 107.
103
Calculate the remainder when 91545 is divided by 5363.
374
What is the remainder when 1337553 is divided by 668772?
9
Calculate the remainder when 671474 is divided by 111899.
80
What is the remainder when 5429839 is divided by 122?
107
Calculate the remainder when 334171 is divided by 11139.
1
What is the remainder when 1186023 is divided by 183?
0
What is the remainder when 2487666 is divided by 986?
974
What is the remainder when 334852 is divided by 1801?
1667
Calculate the remainder when 51676 is divided by 25631.
414
What is the remainder when 1107502939 is divided by 457?
456
Calculate the remainder when 8572030 is divided by 604.
62
Calculate the remainder when 180490 is divided by 60021.
427
Calculate the remainder when 130176166 is divided by 137.
136
What is the remainder when 728798 is divided by 1623?
71
Calculate the remainder when 742062 is divided by 1074.
1002
Calculate the remainder when 3588082 is divided by 59.
56
What is the remainder when 13460947 is divided by 33?
16
What is the remainder when 34098 is divided by 359?
352
What is the remainder when 41866807 is divided by 117?
112
What is the remainder when 37014 is divided by 9155?
394
Calculate the remainder when 233161754 is divided by 6738.
2
What is the remainder when 303793 is divided by 21692?
105
Calculate the remainder when 792926 is divided by 12014.
2
What is the remainder when 8388554 is divided by 2373?
2372
Calculate the remainder when 866755 is divided by 299.
253
Calculate the remainder when 11900627 is divided by 673.
641
What is the remainder when 1183785 is divided by 255?
75
Calculate the remainder when 113473 is divided by 113409.
64
What is the remainder when 61283 is d